is the units digit of j/(-10) + (-390)/(-50)?
8
Let t(c) = 2*c**3 - 2*c**2 - 2*c - 2. Let g be 0 - (-2 - (-4 + 5)). What is the tens digit of t(g)?
2
Let n(k) = -k**2 - 12*k - 24. Let z be n(-3). Suppose 5*h = z*h + 392. What is the tens digit of h?
9
Let o be 2*-1*1/(-2). What is the units digit of 621/6 + (-4)/8*o?
3
Suppose -5*t = 2*b + 485, 3*b + 895 = -b + 5*t. Let l = -141 - b. What is the tens digit of l?
8
Suppose -1529 = 4*s - 2*m - 10249, 5*m = -s + 2158. What is the tens digit of s?
7
Let p(s) = 42*s**2 - s + 2. Let z be p(-2). Suppose w = u + 86, -u + z = 2*w + 4*u. What is the tens digit of w?
8
Let o = 19 - 15. Suppose -2 = -o*n + 14. What is the units digit of (n + -5)/(1/(-24))?
4
Let n(w) = -150*w + 36. What is the tens digit of n(-2)?
3
Suppose -5 + 20 = 5*g. Let w(i) = 2*i**3 - 19*i**2 - 9*i - 6. Let y be w(10). Suppose -x + 73 = g*l - 0*l, 250 = y*x - 2*l. What is the tens digit of x?
6
Let d = 30 + -31. What is the tens digit of 84 + (d - 0/5)?
8
What is the hundreds digit of 1095 - 0 - 165/(-15)?
1
What is the hundreds digit of (-8 + 0)/((-1468)/366 + 4)?
7
Let p be 9 - ((-12)/(-5) + 3/5). Suppose 3*l - 4*q = -14 + 80, -2*q = p. What is the tens digit of l?
1
Let m(p) = -756*p - 158. What is the tens digit of m(-3)?
1
Let d(q) = q + 1. Let f(n) = 6*n + 38. Let i(s) = -5*d(s) + f(s). What is the tens digit of i(15)?
4
Let k = 935 + -700. What is the units digit of k?
5
Let u be 16/(-88) - (-178)/11. Let v be u/6*(-9)/(-6). Suppose 6*h = h + n + 42, 8 = 2*h + v*n. What is the units digit of h?
8
Let l = 1568 + -830. What is the hundreds digit of l?
7
Let a(y) = y + 1. Let g be -2 - (4/(-1) + 2). Let t be a(g). Suppose -w + 5*w = -z + 15, w = t. What is the units digit of z?
1
Let i(f) be the second derivative of -f**5/20 + 3*f**4/4 + 5*f**3/3 - 5*f**2/2 - 12*f. What is the hundreds digit of i(8)?
1
Let t be ((-16)/(-4) + -6)*-2. Suppose 7 = h + 4*o - 5, -2*o + 6 = -t*h. Suppose -2*c + 8 = h, m - 21 = c - 2*c. What is the units digit of m?
7
Suppose -f + 6*f = 235. Let r = f - 23. What is the tens digit of 126/4*r/14?
5
Let i(c) = -2*c**2 + 4*c + 6. Let r(v) = -5*v**2 + 8*v + 13. Let p(l) = 7*i(l) - 3*r(l). Let t be p(9). Suppose 4*q = -q + t. What is the units digit of q?
4
Let u = 112 + -110. Let j(f) = 15*f - 8. What is the tens digit of j(u)?
2
Let a = -51 - -55. Suppose 0 = a*z + 12, -4*m + 0*z + 446 = 2*z. What is the hundreds digit of m?
1
Let z(m) be the third derivative of 13*m**6/60 - m**4/8 - m**3/3 - 9*m**2. Let b be z(-1). Let d = -12 - b. What is the tens digit of d?
1
Suppose -h + 14 = -2*h. Let d = h - -19. What is the units digit of 0 + d/(20/72)?
8
Let q(j) = -j**3 - 2*j**2 + 5*j + 1. Let p be q(5). Let v = -91 - p. What is the units digit of v?
8
What is the units digit of 9606/3*1 + 1?
3
Suppose -25 = 5*h, 4*a + 25*h - 7165 = 30*h. What is the hundreds digit of a?
7
Let g = -107 + 510. What is the tens digit of g?
0
Let f = 97 + -95. Suppose n + f*u + u = 23, 0 = -3*n + 5*u + 69. What is the units digit of n?
3
Let f(p) = -306*p + 3. Let d be f(-1). Suppose 0 = 2*v + w - d, 165 = -4*v - 4*w + 773. What is the units digit of v?
7
Let m(d) = 6*d**2 + 7*d + 11. Let f(o) = -4*o**2 - 2*o - 2. Let v be f(-1). What is the tens digit of m(v)?
7
Let n be 8/(1 + 1) - 1. What is the units digit of (25*9)/n + -2?
3
Let p = -177 - -679. What is the tens digit of p?
0
Let y(f) = 728*f**2 + f + 3. What is the tens digit of y(1)?
3
Let p(r) = -7*r + 13. Let w be p(6). Let b = w - -37. Suppose -9*l + 39 = -b*l. What is the tens digit of l?
3
Suppose y - 11 + 4 = 0. Let w = -2 + y. Suppose -c = 5*f - 3*f - 28, 100 = w*c + 2*f. What is the units digit of c?
8
Suppose -192 = h - 4*h. Let k be 7/((-14)/(-8)) + (-10 - -9). Suppose 29 = k*j - h. What is the units digit of j?
1
Let q(d) = -16 - 2*d**2 - 10*d + 15*d**2 - 4*d - d**3 - 6*d. Let g be (2*(-22)/12)/(5/(-15)). What is the units digit of q(g)?
6
Let f(i) be the third derivative of i**6/120 - 7*i**5/60 + 7*i**4/24 + 5*i**3/3 - i**2. What is the tens digit of f(7)?
5
Suppose -2*m + 0*m = 3*o - 283, 3*m + 2*o = 422. What is the hundreds digit of m?
1
Let t be (-2)/(3/(-3) + 0). Let h be t/5 - (-34)/(-10). What is the tens digit of 250/15 - 1/h?
1
Let o(d) = 32*d + 2 + 2*d**2 - 35*d - d**2. Let i be o(1). Suppose i = -g - 3*c + 17, -3 = -4*g + 4*c + 17. What is the units digit of g?
8
Suppose 3*t = 15 - 171. Let u be (-4)/26 - (-200)/t. Let v(r) = r**3 + 5*r**2 - 4*r - 4. What is the tens digit of v(u)?
2
Suppose -4*p + 349 = 2*y + 109, 2*y + 2*p = 242. What is the tens digit of y?
2
Let b(i) = i**3 + 11*i**2 + 14. Let y be b(-11). Let h = 13 - y. Let x(u) = -46*u**3 + u + 2. What is the tens digit of x(h)?
4
Let n(k) = -k + 143. Let x be n(0). Suppose 3*y = x - 20. What is the tens digit of y?
4
Let s(h) = h - 5. Let r be s(7). Suppose r*c = 6 - 2. Suppose x + 13 = c*x. What is the units digit of x?
3
Suppose 3*l + 243 = 6*l. Suppose -11*p + 223 = -239. Suppose -3*t + l = -p. What is the tens digit of t?
4
Suppose 0 = 8*r - 3907 - 16797. What is the thousands digit of r?
2
Suppose -5*s + 1535 = 4*m, 4*m + s - 1542 = 3*s. Suppose -7*k = -4*j - 2*k + 290, 5*j - m = -5*k. What is the tens digit of j?
7
Suppose h - 125 = -4*g, h + 3*g - 35 = 85. Let j = h + 20. What is the units digit of j?
5
Let w = 10 - 8. What is the units digit of -1 - -31 - (w - 0)?
8
Let n(v) = -10*v - v**2 - v**2 + 4*v**2 + 7. Suppose 3*d + 30 = 5*c, 2*d = -2*c - 3*d + 12. What is the units digit of n(c)?
9
What is the hundreds digit of 3/(-7 + (-36465)/(-5208))?
7
Suppose 8*d = 22*d - 12936. What is the tens digit of d?
2
Let x(t) = -2*t**3 + 2*t**2 - 3. Let p(d) = 4*d**3 - 4*d**2 + 6. Let m(q) = 6*p(q) + 13*x(q). Suppose 10 = -2*k - 3*k. What is the tens digit of m(k)?
2
Let r = 316 - -276. What is the tens digit of r?
9
Let b(n) be the first derivative of n**3/3 - 3*n**2 + 5*n - 21. What is the tens digit of b(8)?
2
Suppose 0 = 131*d - 136*d + 180. Let c = 24 + d. What is the units digit of c?
0
Suppose 2*j - 8 = -7*k + 2*k, -3*k - 4*j + 16 = 0. What is the units digit of (k + -3 + -3)/(-1)?
6
Suppose -3*r + 4*a = -6*r + 58, a = -3*r + 46. Suppose 19*z = r*z + 65. What is the units digit of z?
3
Let h(z) = 104*z**2 + 6*z - 1. Let u be h(-2). Suppose -3*m + 8*m = -i + 397, 0 = 5*m - i - u. What is the tens digit of m?
8
Suppose 0 = 5*j + l - 11429, -3*j + 17*l = 19*l - 6863. What is the units digit of j?
5
Suppose 0*u - 2*p = 2*u + 318, 4*p + 794 = -5*u. Let d = -111 - u. What is the tens digit of d?
4
Let i(s) = -s**3 - 2*s**2 - 5*s - 6. Let w be i(-4). What is the units digit of (-3 - -4) + -2 + w?
5
Let c = -179 - -579. What is the units digit of c?
0
Let j = 10 - 6. Suppose 0 = j*r - 5 - 3. Suppose r*o + 2*m - 1 - 7 = 0, -2*o = m - 6. What is the units digit of o?
2
What is the hundreds digit of (2/4)/(189/1310526)?
4
Let f be (-6)/(5 - 3) - -7. Let h be 2*4/(-3 - -5). Suppose h*x = 0, f*x + 0*x - 72 = -4*u. What is the tens digit of u?
1
Suppose 0 = 3*t - 7 - 8. Suppose -2*l - 2*g = -5*g - 77, 0 = -2*l + t*g + 71. What is the tens digit of l?
4
Suppose -2*q - 5 = -7*q. Let v = -10 + 19. What is the tens digit of q + (-3)/(-3)*v?
1
What is the thousands digit of (143/(-26) - -11)/((-1)/(-446))?
2
Let z(g) = -76*g - 29. What is the units digit of z(-6)?
7
Let y(i) = -6*i + 5 - 6 - 5 + 5. Let b be y(-1). Suppose b*h - 129 = -24. What is the tens digit of h?
2
Let d = -58 + 138. Suppose -3*k = -7*k + d. What is the units digit of k?
0
Suppose 5 = v - 0*v. Suppose -5*a = -5*c - 80, 0 = -v*a + 2*c - c + 84. Suppose k - a = 10. What is the tens digit of k?
2
Suppose -2219 - 19824 = -7*q. What is the thousands digit of q?
3
Suppose -j - 35 = 4*k - 4756, 5*j = k - 1175. What is the thousands digit of k?
1
Suppose 100*o = 110*o - 34200. What is the tens digit of o?
2
Let h(j) = -j**3 - 16*j**2 + 4. Let t be h(-16). Suppose -3*v = t*p - 191, 0*p = -2*p - 3*v + 97. What is the units digit of p?
7
Suppose -i = -4*h + 2*h - 247, 3*h + 496 = 2*i. Let a = -137 + i. Suppose n = -2*n + a. What is the units digit of n?
8
Let l = 525 + -304. What is the hundreds digit of l?
2
Let d(r) = 74*r**2 - 26*r + 133. What is the tens digit of d(7)?
7
Let k = -273 + 619. What is the units digit of k?
6
Let b(m) = 2*m + 1